+ 195*q + 44146, -2*v - 4*q = -17654. What is the greatest common divisor of 162 and v?
81
Suppose 3*x - 381 = 33. Let n(s) = -s**2 + 20*s - 61. Let i be n(14). Calculate the greatest common factor of x and i.
23
Suppose 3*n - 9*z - 588 = -6*z, 0 = 5*n - 3*z - 980. Suppose -g - 95 = -2*v, 4*v + 0*g + 4*g = n. What is the highest common factor of v and 24?
24
Let i = -12802 + 28653. Calculate the greatest common factor of i and 131.
131
Let o be 4/(-22) - 3384/(-99). Suppose -o - 161 = -y. Suppose -17*u = -y - 638. Calculate the highest common factor of 7 and u.
7
Suppose 2*n = -9 + 7, 5*h - 2082 = 2*n. Calculate the greatest common factor of h and 585.
13
Let z = 46 + -44. Suppose 2*y + z*y - 4 = -2*d, d = -4*y. Suppose -x - 3*n = -9, 0 = -7*x + 3*x - d*n + 76. Calculate the highest common divisor of 264 and x.
24
Let y(l) = l**3 + 71*l**2 - 20*l + 68. Let v be y(-71). What is the highest common divisor of v and 93?
93
Suppose -19*r + 128 = 13*r. Suppose -r*q + 3*k = -1967, 2398 = 4*q + k + 451. Calculate the highest common divisor of q and 183.
61
Suppose 0 = 5*g + 135 + 195. Let w = -74 - g. Let m be (9/54)/((-2)/w)*3. What is the greatest common divisor of 1 and m?
1
Let p be -46*(-3)/((-42)/(-7)). Let m = p - 7. What is the greatest common factor of 8 and m?
8
Suppose 31*l - 1050 = 26*l. Let m(f) = 7*f**2 + 2*f - 2. Let x be m(2). What is the greatest common divisor of l and x?
30
Suppose -2*i - 4*q = -248, -9*q + 14*q = -3*i + 376. What is the greatest common divisor of 300 and i?
12
Let r = 6 - -150. Suppose -3*t = -x - 6*t + 8, 16 = 2*x - 5*t. Suppose -x*u - r = -12*u. Calculate the greatest common divisor of 39 and u.
39
Let c be (45/27)/(40/4752). What is the greatest common divisor of c and 81?
9
Let l be ((-40)/3)/((-6)/18). Let t be 3/((-5 - 4/(-8))/(-15)). Let m = l + t. What is the greatest common factor of m and 10?
10
Suppose 7*y = 167*y - 7680. Calculate the greatest common factor of y and 5632.
16
Let j(k) = -k**3 - 5*k**2 + 14. Let z be j(-6). Suppose -4*l = -5*l, z = 5*i + l. Suppose i*s - 118 - 52 = 0. What is the highest common divisor of s and 153?
17
Let b = 6778 + -6749. Calculate the greatest common factor of 2349 and b.
29
Let m = -220 - -211. Let o be (m - (-1330)/50) + (-4)/(-10). Calculate the highest common factor of o and 45.
9
Suppose 27*l = -6*l + 198. Let j be -1*-218*1 + -19 + 17. Calculate the highest common divisor of l and j.
6
Let h(j) = 4*j**2 - 50*j + 161. Let n be h(13). Suppose -7 = -z + 2*v, -2*z + 0*v + 3*v = -16. Calculate the highest common factor of z and n.
11
Suppose -n + 12055 - 12049 = 0. What is the greatest common factor of n and 14?
2
Let r(t) = 3*t + 771. Let s be r(-25). What is the highest common divisor of 8584 and s?
232
Let a(b) = 20*b**3 + 2*b**2 - 27*b + 83. Let p be a(3). Calculate the greatest common factor of p and 1050.
70
Let v = -38 + 70. Let u be 10/(-4)*v/(-20). Suppose -8*j - 144 = -17*j. Calculate the highest common factor of j and u.
4
Let b be 4 + 0 + (-5)/(-5). Suppose b*l + 2*u - 120 = 0, l - u = 6*l - 120. Let h = l - 3. What is the highest common factor of h and 21?
21
Let l(q) = -44*q - 12. Let j be l(-3). Suppose -76 = 3*r + 3*b - 391, r - j = 4*b. Suppose 4*k - 33 = 15. Calculate the greatest common factor of k and r.
12
Let q = -90 + 150. Let c = 344938 + -344668. Calculate the highest common factor of c and q.
30
Let r(q) = q**2 - 7*q + 8. Let a be r(7). Suppose 4*z = 12, 6*z - 914 = 238*u - 242*u. Calculate the greatest common factor of a and u.
8
Let j = 9768 + -9498. What is the greatest common factor of j and 126?
18
Let j(k) = -k**2 - 2*k + 302. Let a be j(-15). Suppose 2*s = 3*g - 148, 48*s = 2*g + 45*s - a. Let z = -19 + 134. What is the greatest common factor of g and z?
23
Let h = 168523 - 168061. Let g = 134 + -92. Calculate the highest common divisor of g and h.
42
Suppose -3*w - 3*h + 72 = -54, -h - 34 = -w. Calculate the highest common divisor of 779 and w.
19
Let s(c) = 2*c**3 + 29*c**2 + 12*c + 20. Let q be s(-10). Suppose 15*y - 24 - 1476 = 0. What is the greatest common divisor of y and q?
100
Let i(v) = 6036*v**2 - 48*v - 50. Let z be i(-1). Calculate the highest common factor of 42 and z.
14
Let x = -6316 - -6344. Calculate the greatest common factor of x and 2282.
14
Suppose -3*k - f - 432 = 0, -6*f + 288 = -2*k - 4*f. Let v = -135 - k. What is the greatest common divisor of 144 and v?
9
Let p be (240/(-270))/(6/(-540)). Calculate the greatest common divisor of p and 130.
10
Let x be ((-3)/6)/((-2)/180). Let n be 3*-10*10/(-75) - 1. Suppose -148 + n = -29*w. Calculate the greatest common divisor of x and w.
5
Let p be (-3 + 4)/(1 - 0) - 7. Let w be (0 + (-15)/6)*p. What is the highest common factor of 12 and w?
3
Let f be ((-12)/15)/((-8)/660). Let g = 61 - -665. Calculate the highest common factor of f and g.
66
Let a = 6 - -23. Let o(l) = -81*l**3 + 27 - 9*l + 42*l**3 + 5*l**2 + 40*l**3. Let r be o(5). Calculate the highest common factor of a and r.
29
Let s = 1135 + -1126. Let k = 1 + 23. What is the greatest common factor of s and k?
3
Let q be 39/2 - (10 - 42/4). Let a = -39 + 75. What is the highest common factor of q and a?
4
Let z be (16/(-2))/((-7)/(-560)*45/(-27)). What is the highest common divisor of z and 180?
12
Let v(u) = 2*u**2 - 3*u + 2. Let c be v(-4). Let n be (1 - (-8)/(-10)) + 1635054/730. Let l be 6/2 + n/20. What is the highest common divisor of c and l?
23
Let x(s) = -10*s + 7. Let p be x(1). Let o be p*(-2)/6 + (-50)/10. Let l(g) = -7*g + 5. Let w be l(o). Calculate the highest common factor of 132 and w.
33
Let y(l) = -l**3 - 8*l**2 + 5*l + 1. Let j be y(-10). Suppose -162*q + j*q = -242. Calculate the highest common divisor of q and 253.
11
Suppose w = -1, -3*t + 3*w + 15 = 3. Suppose 288 = t*d - 3*p, -40*p = 4*d - 39*p - 364. Calculate the highest common divisor of 69 and d.
23
Suppose -189 = -16*z + 7*z. Suppose -4554 = -30*d + z*d. Calculate the highest common factor of d and 92.
46
Suppose 0 = 2*a + a - 48. Suppose v + v - 4 = 0, d - 1380 = -2*v. Suppose -22*y + d + 1792 = 0. What is the highest common divisor of y and a?
16
Suppose 4*r + 78 = 182. Suppose -38*l + r*l + 4104 = 0. What is the highest common factor of l and 38?
38
Suppose 3*x - 4*i = 444 - 393, 0 = -4*x - 2*i + 24. What is the greatest common factor of x and 3249?
9
Let z be 6/4*(-4)/(-2). Let d(k) = 959*k - 3809. Let t be d(4). What is the highest common factor of t and z?
3
Let z(k) = -91*k + 3107. Let q be z(34). Let g(o) = o**3 + 7*o**2 - 4*o - 8. Let b be g(-6). What is the greatest common divisor of b and q?
13
Let m(a) = 2*a + a**2 + 2*a + 5*a - 5 + 0*a. Let g be m(-10). Suppose g*b - 240 = b. Calculate the highest common factor of b and 24.
12
Let z be 18/(-4)*(-174)/261. Calculate the greatest common divisor of z and 1500.
3
Let f be 10*6/5 - 1*2. Suppose -75 = -20*n + 15*n. What is the highest common divisor of f and n?
5
Suppose -2*j - 9*r + 12*r + 92 = 0, 2*r - 8 = 0. Suppose 0 = -j*x - 510 + 1706. What is the highest common factor of 46 and x?
23
Let o = 91 + -12. Suppose -o = -s + 25. Calculate the highest common divisor of s and 78.
26
Suppose 0 = -10*t - 3*t + 7657. Suppose 1996 - 2053 = -3*i. Calculate the greatest common divisor of t and i.
19
Let d be 1/8 - ((-47)/8 - -1). Suppose -4*j + 4*m = -7*j + 198, 0 = -d*m. What is the greatest common divisor of j and 6?
6
Let g = -2383 + 5393. What is the greatest common divisor of 70 and g?
70
Let x = 16021 + -14381. Calculate the greatest common factor of x and 190.
10
Let u(k) = 156*k**3 - 2*k + 2. Let t be u(1). Let r = -16 + t. What is the highest common factor of 56 and r?
28
Let a(m) = -24*m + 191. Let o be a(7). Suppose -o*b - 608 = -99*b. Suppose 112 = 2*t + w, -4*w = 2*t - w - 112. What is the greatest common factor of t and b?
8
Let y(u) = -48*u + 102. Let p(i) = 16*i - 33. Let g(b) = 10*p(b) + 3*y(b). Let f be g(14). What is the highest common factor of f and 8?
8
Let q(o) = -o + 8. Let d be q(5). Suppose -d*b = 28 - 34. Suppose -b*x = -a - 218, 0*x + 210 = 2*x - 5*a. Calculate the highest common factor of x and 22.
22
Suppose u + 4*q - 65 - 17 = 0, 0 = -4*u - 3*q + 328. What is the highest common divisor of 2993 and u?
41
Let r be -6*3/(-9)*(-15 + 20). Calculate the 